{"id":35,"date":"2023-10-17T10:43:07","date_gmt":"2023-10-17T08:43:07","guid":{"rendered":"http:\/\/bs-wien.at\/neu\/?page_id=35"},"modified":"2024-02-23T10:34:38","modified_gmt":"2024-02-23T09:34:38","slug":"datenschutz","status":"publish","type":"page","link":"https:\/\/bs-wien.at\/neu\/datenschutz\/","title":{"rendered":"Datenschutz"},"content":{"rendered":"\t\t<div data-elementor-type=\"wp-page\" data-elementor-id=\"35\" class=\"elementor elementor-35\">\n\t\t\t\t<div class=\"elementor-element elementor-element-543660a e-flex e-con-boxed e-con e-parent\" data-id=\"543660a\" data-element_type=\"container\">\n\t\t\t\t\t<div class=\"e-con-inner\">\n\t\t\t\t<div class=\"elementor-element elementor-element-45f1635 elementor-widget elementor-widget-text-editor\" data-id=\"45f1635\" data-element_type=\"widget\" data-widget_type=\"text-editor.default\">\n\t\t\t\t<div class=\"elementor-widget-container\">\n\t\t\t\t\t\t\t\t\t<h2>Erkl\u00e4rung zur Informationspflicht<\/h2>\n<p align=\"\"><strong>&nbsp;<\/strong><\/p>\n<p align=\"\"><strong>Datenschutzerkl\u00e4rung<\/strong><\/p>\n<p>In folgender Datenschutzerkl\u00e4rung informieren wir Sie \u00fcber die wichtigsten Aspekte der Datenverarbeitung im Rahmen unserer Webseite. Wir erheben und verarbeiten personenbezogene Daten nur auf Grundlage der gesetzlichen Bestimmungen (Datenschutzgrundverordnung, Telekommunikationsgesetz 2003).<\/p>\n<p>Sobald Sie als Benutzer auf unsere Webseite zugreifen oder diese besuchen wird Ihre IP-Adresse, Beginn sowie Beginn und Ende der Sitzung erfasst. Dies ist technisch bedingt und stellt somit ein berechtigtes Interesse iSv Art 6 Abs 1 lit f DSGVO.<\/p><p><br><\/p>\n<p><\/p>\n<p><b>Kontakt mit uns<\/b><\/p>\n<p>Wenn Sie uns, entweder \u00fcber unser Kontaktformular auf unserer Webseite, oder per Email kontaktieren, dann werden die von Ihnen an uns \u00fcbermittelten Daten zwecks Bearbeitung Ihrer Anfrage oder f\u00fcr den Fall von weiteren Anschlussfragen f\u00fcr sechs Monate bei uns gespeichert. Es erfolgt, ohne Ihre Einwilligung, keine Weitergabe Ihrer \u00fcbermittelten Daten.<\/p>\n<p><b>&nbsp;<\/b><\/p>\n<p><b>Cookies<\/b><\/p>\n<p>Unsere Website verwendet so genannte Cookies. Dabei handelt es sich um kleine Textdateien, die mit Hilfe des Browsers auf Ihrem Endger\u00e4t abgelegt werden. Sie richten keinen Schaden an. Wir nutzen Cookies dazu, unser Angebot nutzerfreundlich zu gestalten. Einige Cookies bleiben auf Ihrem Endger\u00e4t gespeichert, bis Sie diese l\u00f6schen. Sie erm\u00f6glichen es uns, Ihren Browser beim n\u00e4chsten Besuch wiederzuerkennen. Wenn Sie dies nicht w\u00fcnschen, so k\u00f6nnen Sie Ihren Browser so einrichten, dass er Sie \u00fcber das Setzen von Cookies informiert und Sie dies nur im Einzelfall erlauben. Bei der Deaktivierung von Cookies kann die Funktionalit\u00e4t unserer Website eingeschr\u00e4nkt sein.<\/p>\n<p><b>&nbsp;<\/b><\/p>\n<p><b>Server-Log Files<\/b><\/p>\n<p>Diese Webseite und der damit verbundene Provider erhebt im Zuge der Webseitennutzung automatisch Informationen im Rahmen sogenannter \u201eServer-Log Files\u201c. Dies betrifft insbesondere:<\/p>\n<p>\u2022 IP-Adresse oder Hostname<\/p>\n<p><span style=\"text-align: var(--text-align);\">\u2022<\/span><span style=\"text-align: var(--text-align);\">&nbsp;<\/span>den verwendeten Browser<\/p>\n<p><span style=\"text-align: var(--text-align);\">\u2022<\/span><span style=\"text-align: var(--text-align);\">&nbsp;<\/span>Aufenthaltsdauer auf der Webseite sowie Datum und Uhrzeit<\/p>\n<p><span style=\"text-align: var(--text-align);\">\u2022<\/span><span style=\"text-align: var(--text-align);\">&nbsp;<\/span>aufgerufene Seiten der Webseite<\/p>\n<p><span style=\"text-align: var(--text-align);\">\u2022<\/span><span style=\"text-align: var(--text-align);\">&nbsp;<\/span>Spracheinstellungen und Betriebssystem<\/p>\n<p><span style=\"text-align: var(--text-align);\">\u2022<\/span><span style=\"text-align: var(--text-align);\">&nbsp;<\/span>\u201eLeaving-Page\u201c (auf welcher URL hat der Benutzer die Webseite verlassen)<\/p>\n<p><span style=\"text-align: var(--text-align);\">\u2022<\/span><span style=\"text-align: var(--text-align);\">&nbsp;<\/span>ISP (Internet Service Provider)<\/p>\n<p><span style=\"text-align: var(--text-align);\">\u2022<\/span><span style=\"text-align: var(--text-align);\">&nbsp;<\/span>Diese erhobenen Informationen werden nicht personenbezogen verarbeitet oder mit personenbezogenen Daten in Verbindung gebracht.<\/p>\n<p><span style=\"text-align: var(--text-align);\">\u2022<\/span><span style=\"text-align: var(--text-align);\">&nbsp;<\/span>Der Webseitenbetreiber beh\u00e4lt es sich vor, im Falle von Bekanntwerden rechtswidriger T\u00e4tigkeiten, diese Daten auszuwerten oder zu \u00fcberpr\u00fcfen.<\/p>\n<p><b>&nbsp;<\/b><\/p>\n<p><b>Ihre Rechte als Betroffener<\/b><\/p>\n<p>Sie als Betroffener haben bez\u00fcglich Ihrer Daten, welche bei uns gespeichert sind grunds\u00e4tzlich ein Recht auf:<\/p>\n<ul>\n<li>Auskunft<\/li>\n<li>L\u00f6schung der Daten<\/li>\n<li>Berichtigung der Daten<\/li>\n<li>\u00dcbertragbarkeit der Daten<\/li>\n<li>Widerruf und Widerspruch zur Datenverarbeitung<\/li>\n<li>Einschr\u00e4nkung<\/li>\n<\/ul>\n<p>Wenn sie vermuten, dass im Zuge der Verarbeitung Ihrer Daten Verst\u00f6\u00dfe gegen das Datenschutzrecht passiert sind, so haben Sie die M\u00f6glichkeit sich bei uns (direktion.905025@schule.wien.gv.at) oder der Datenschutzbeh\u00f6rde zu beschweren.<\/p>\n<h5>&nbsp;<\/h5>\n<p><b>Sie erreichen uns unter folgenden Kontaktdaten:<\/b><\/p>\n<p><b>&nbsp;<\/b><\/p>\n<p><b>Webseitenbetreiber:<\/b> Berufsschule f\u00fcr Verwaltungsberufe<br><b>Telefonnummer:<\/b> +43 1 4000-95935<br><b>Email:<\/b> direktion.905025@schule.wien.gv.at<\/p>\n<p><\/p>\n<p>Quelle: <b><a href=\"https:\/\/rechtstexte-generator.at\">Datenschutz DSGVO Generator<\/a><\/b><\/p>\t\t\t\t\t\t\t\t<\/div>\n\t\t\t\t<\/div>\n\t\t\t\t\t<\/div>\n\t\t\t\t<\/div>\n\t\t\t\t<\/div>\n\t\t","protected":false},"excerpt":{"rendered":"Erkl\u00e4rung zur Informationspflicht &nbsp; Datenschutzerkl\u00e4rung In folgender Datenschutzerkl\u00e4rung informieren wir Sie \u00fcber die wichtigsten Aspekte der Datenverarbeitung im Rahmen unserer [&hellip;]","protected":false},"author":1,"featured_media":0,"parent":0,"menu_order":0,"comment_status":"closed","ping_status":"closed","template":"","meta":{"footnotes":""},"class_list":["post-35","page","type-page","status-publish","hentry"],"_links":{"self":[{"href":"https:\/\/bs-wien.at\/neu\/wp-json\/wp\/v2\/pages\/35","targetHints":{"allow":["GET"]}}],"collection":[{"href":"https:\/\/bs-wien.at\/neu\/wp-json\/wp\/v2\/pages"}],"about":[{"href":"https:\/\/bs-wien.at\/neu\/wp-json\/wp\/v2\/types\/page"}],"author":[{"embeddable":true,"href":"https:\/\/bs-wien.at\/neu\/wp-json\/wp\/v2\/users\/1"}],"replies":[{"embeddable":true,"href":"https:\/\/bs-wien.at\/neu\/wp-json\/wp\/v2\/comments?post=35"}],"version-history":[{"count":19,"href":"https:\/\/bs-wien.at\/neu\/wp-json\/wp\/v2\/pages\/35\/revisions"}],"predecessor-version":[{"id":730,"href":"https:\/\/bs-wien.at\/neu\/wp-json\/wp\/v2\/pages\/35\/revisions\/730"}],"wp:attachment":[{"href":"https:\/\/bs-wien.at\/neu\/wp-json\/wp\/v2\/media?parent=35"}],"curies":[{"name":"wp","href":"https:\/\/api.w.org\/{rel}","templated":true}]}}